 Calculate the highest common factor of k and g.
4
Let f = -150 + 535. Let k be (-3)/18 - 4/(-24)*f. What is the highest common factor of k and 48?
16
Let g = 58 - 38. Let p be 7 + -4 + (-1 - -28). What is the highest common divisor of g and p?
10
Suppose -4*u + 6 = -3*a - 5, 28 = 5*u + a. Suppose u*s + 11 = p - 14, 3*p - 5*s - 35 = 0. Suppose -24 = -p*y + y. What is the highest common divisor of 9 and y?
3
Suppose 7*l + 4*x - 124 = 3*l, -99 = -3*l + 3*x. Suppose -3*j = -876 + 108. What is the highest common factor of j and l?
32
Let i be (-1 + -2)*114/(-18). Let s = -8 + 8. Suppose a - 111 = -2*m, 6 = -s*a - 2*a. What is the greatest common factor of i and m?
19
Suppose 0 = -5*y + y + 8. Suppose 6*a + z - 68 = y*a, -2*a - 3*z + 24 = 0. Calculate the greatest common factor of a and 12.
6
Let p = -4 - -23. Let s be ((-162)/(-36))/(2/100). Let x be ((-296)/32 - -10) + s/4. What is the highest common factor of x and p?
19
Suppose -622*u - 103*u + 7531 = -20019. Suppose 3*q = -344 - 34. Let t = q + 316. Calculate the greatest common divisor of t and u.
38
Let l(a) = -2*a + 2*a**2 + 0*a + a - 8 - a**2. Let g be l(0). Let r = -6 - g. What is the greatest common factor of r and 5?
1
Suppose 66*i = 64*i + 1190. Calculate the greatest common divisor of 170 and i.
85
Suppose -2*x - x + 153 = 0. Let l be (-11 - -12)/(0 + (-1)/(-17)). What is the greatest common factor of l and x?
17
Let c(z) = -2 + 10*z + 3 - 7 - z**2. Let w be c(9). Let u = 16 + w. Calculate the highest common factor of 38 and u.
19
Let t = 296 + -275. What is the highest common factor of 42 and t?
21
Let s(r) = r - 7. Suppose -13 = -3*t + 2*t. Let g be s(t). Let d be (0 - -8)/(g - 5). What is the highest common divisor of 8 and d?
8
Suppose 0 = -5*m + 20 + 35. Let b(n) = n**2 - n - 1. Let p = 12 + -10. Let i be b(p). What is the greatest common divisor of i and m?
1
Let y = 39 - 55. Let a(u) = -u - 9. Let t be a(y). Calculate the highest common divisor of t and 14.
7
Let y = -234 - -351. Suppose 5*b - y = -12. What is the greatest common factor of 14 and b?
7
Suppose -19*z + 23*z - 1196 = -2*u, -2*z = 4*u - 586. Calculate the greatest common factor of z and 43.
43
Let u be (-530)/159*9/(-2). Suppose -38 = -k + 52. What is the highest common divisor of k and u?
15
Let k(c) = 5*c**2 + 19*c - 9. Let u be k(8). Suppose 5*n - u = -118. Calculate the greatest common factor of 46 and n.
23
Let z(p) = 31*p + 2. Let m be z(1). Let x be ((-2)/(-10) - 248/40)/(-2). What is the greatest common divisor of m and x?
3
Let h(k) = 3*k**2 + 54*k - 43. Let i be h(-19). What is the greatest common divisor of i and 686?
14
Let r be (-1)/((7/(-2))/7). Suppose -l - 24 = -r*x, -4*x + 0*l = l - 60. Suppose 110 = 4*t - 58. Calculate the greatest common factor of t and x.
14
Suppose -11*z - 2 = -9*z. Let t be z/(1/(-2 - 5)). What is the highest common factor of t and 63?
7
Let g(y) = y**2 + y - 1. Let z be g(-3). Suppose 4*m + 8 - 38 = 5*l, -z*m = 25. Let c be (120 + 0)*(-12)/l. Calculate the highest common factor of 16 and c.
16
Let i be (-424)/(-2 + -4 + 4). Suppose -2*q = -q - 5*y - 28, 5*y = -4*q + i. What is the greatest common divisor of 72 and q?
24
Let m = -6 + 6. Suppose -4*i + 560 = -m*i. What is the highest common factor of i and 14?
14
Suppose -9*t + 369 = -63. Suppose 2*k + 5 + 1 = 0. Let f = k + 27. What is the greatest common factor of t and f?
24
Let i = 204 + -336. Let o = i + 271. Let b = 391 - o. What is the highest common divisor of 28 and b?
28
Let i be (0*(-2)/(-8))/(-1). Suppose i*j + 33 = j + 2*h, -j - 4*h + 31 = 0. What is the greatest common divisor of 385 and j?
35
Suppose t + 1280 = 6*t. Suppose -6*n = -2*n - t. Let p be n/10 - 12/(-20). Calculate the highest common factor of p and 77.
7
Let o be (40 - 0)*(75/10 - 6). Calculate the highest common factor of o and 60.
60
Suppose -4*k + 74 = 2. Suppose -r + 2*r = 24. Let s = r - 6. Calculate the highest common divisor of k and s.
18
Suppose 0 = -i - 0 + 12. Let b be (6/2)/((-1)/(-1)). Calculate the highest common divisor of b and i.
3
Let v be 49 + 2 + 3 + 0. Let k = -817 - -1249. Calculate the highest common divisor of k and v.
54
Suppose -w = 3*v - 2, 10 = -v + 5. Calculate the highest common divisor of 493 and w.
17
Suppose 0*z = 4*z - 1032. What is the greatest common factor of 6 and z?
6
Let t be 18/(-45) - (-8)/(-10)*-163. Suppose 5*x - 342 = -2*q + t, -x + 90 = -4*q. What is the greatest common divisor of x and 47?
47
Let x = -1993 - -3018. What is the greatest common factor of x and 41?
41
Let y be -1 - (-11 - -3) - -1842. Calculate the greatest common factor of 43 and y.
43
Suppose 6*z - 3*z - 18 = 0. Let y be ((-12)/10)/z + (-502)/(-10). Calculate the greatest common divisor of 10 and y.
10
Let x(q) = q**3 + q**2 + q + 48. Let t be (-1)/(-5) + (-230)/25. Let j = t + 9. Let s be x(j). What is the highest common divisor of s and 12?
12
Suppose 9*g - 12 = 8*g. Let r be 266/18 + g/54. Suppose 0 = -5*i - 8 + 33. Calculate the greatest common factor of i and r.
5
Let t be 110*(5/(-2))/(-5). Suppose -3*d + 3 + 66 = 0. Suppose -5*o + 2 = 17, -4*w + o = -d. What is the greatest common divisor of t and w?
5
Let n = 28 - 25. What is the highest common divisor of 24 and n?
3
Suppose 3*w + 12*h = 9*h + 51, -5*w + 82 = 4*h. Suppose 4*a - 3*b - 152 = 0, -2*b = 2*a - 36 - 26. What is the highest common factor of a and w?
7
Suppose 5*u + 150 = 10*u. Let r(a) = a**2 + 9*a. Let k be r(-9). Suppose 5*l = -k*l + 15. What is the greatest common factor of l and u?
3
Let v(y) be the second derivative of 5*y**3/6 - 19*y**2/2 + 9*y. Let f be v(6). What is the greatest common divisor of f and 88?
11
Suppose -2*p + 133 = 3*h, -4*h + 173 = 5*p - 149. Suppose -3*j + 150 = -2*u, 5*j + u - 299 + p = 0. Calculate the highest common divisor of 12 and j.
12
Let v be (2 - 1) + (1 - -19). Let d(j) = 6*j - 8. Let r be d(-11). Let x be (-28)/10*(4 - (5 - r)). What is the greatest common divisor of v and x?
21
Let w = 573 + -554. What is the greatest common divisor of 361 and w?
19
Suppose 0 = -j + 4*j - 3. Let h be (65/15)/(j/3). What is the greatest common factor of 65 and h?
13
Let t(y) = 3*y**2 + 23*y - 4. Let o be t(-12). Suppose -11*f + o = 31. Let m = -27 - -82. Calculate the greatest common factor of m and f.
11
Suppose -l = 5*y - 275, 217 = 5*y - 5*l - 88. Let s = 64 + -61. Let f be (29/9 - s) + 140/18. What is the highest common divisor of y and f?
8
Suppose 0 = f - 5*f + 4. Suppose -626 + 647 = 3*d. Calculate the highest common factor of f and d.
1
Let q = 323 + -248. Calculate the highest common divisor of 175 and q.
25
Suppose 4*d = 8*o - 9*o + 8, -d - 7 = -2*o. What is the greatest common divisor of 64 and o?
4
Suppose -4*r = -6*r. Suppose r = 3*g - 9, 2*f + g - 26 = 3*g. Calculate the highest common factor of f and 48.
16
Let p(t) = -2*t**3 + 6*t**2 - 9*t - 37. Let a be p(-5). Calculate the greatest common factor of a and 119.
17
Suppose -5*w + t = -89, 3*w - 43 = t - 3*t. Suppose 269 + 135 = -4*q. Let j = q + 288. What is the greatest common divisor of j and w?
17
Let v(r) = r**3 + 26*r**2 - 3*r - 72. Let d be v(-26). Calculate the highest common factor of d and 366.
6
Let t = -35 - -67. Suppose v - t = -v. Let o = v - 1. Calculate the greatest common divisor of 165 and o.
15
Let x = -271 - -315. Calculate the greatest common factor of 308 and x.
44
Suppose 62*o = 60*o + 2070. What is the highest common divisor of 69 and o?
69
Let o = 1627 - 1546. Calculate the highest common factor of 6 and o.
3
Let h be (-1)/((-3)/6 - 0). Suppose -2*b = -8 - h. Suppose -3*a = -12 - 3, -2*w = -b*a - 31. Calculate the highest common factor of w and 14.
14
Let m(a) = a**2 - 25*a - 156. Let z be m(-8). Let w(u) = 15*u + 1. Let i be w(1). Let f = i + -4. What is the highest common factor of z and f?
12
Suppose 0 = g - 4*a - 0*a - 29, -g - 4*a + 37 = 0. Calculate the greatest common factor of 165 and g.
33
Let q = 55 - 17. Suppose -13*a + 8*a + 760 = 0. What is the greatest common divisor of q and a?
38
Suppose -k + 0*k = 2*s - 42, 0 = -4*k - s + 175. What is the greatest common factor of k and 44?
44
Let w be (-7)/1*1*-8. Let v be (-696)/87 + (-892)/(-6) - 2/3. What is the highest common factor of v and w?
28
Let d be (-80)/((-10 - -12)*(-2)/4). What is the greatest